 = -2*o, o - p = 14. Suppose 2*q = -o*q + 2895. List the prime factors of q.
193
Let w(m) = -m - 3 + 2 + 0. Let h = -118 - -108. List the prime factors of w(h).
3
Suppose -2*g + 2*d = 0, 2*g - 4*d + 7 = -1. Suppose g*t - 5*h - 103 = 0, t + 4*t - 145 = 3*h. List the prime factors of t.
2
Suppose -4*s = -22 + 2. Suppose 4 = i, s*d = -5*i + 29 + 21. Suppose -2*f + 56 = d. What are the prime factors of f?
5
Let v be (45/25)/(1/5). Let p = v + -7. Suppose -p*m + 93 = m. What are the prime factors of m?
31
Suppose -9*h - 28 = -5*h. Let y(x) be the second derivative of -7*x**3/6 + 13*x**2/2 - 9*x. List the prime factors of y(h).
2, 31
Let p(o) be the third derivative of -o**6/120 + o**4/24 + 31*o**3/3 - 13*o**2. List the prime factors of p(0).
2, 31
Suppose 49 + 86 = 5*j. Suppose 0 = -5*b + 43 + j. What are the prime factors of 32/b + 10/(-35)?
2
Let o(u) = -3 + u**2 - 4*u + u**2 - u**2. Let t be o(6). Suppose -4*h - 176 = -t*x + 4*x, -3*x - 2*h = -88. What are the prime factors of x?
2
Suppose -l = -4*s - 59, -3*s - 2*s + 262 = 3*l. Suppose -a + 5*r = -l, 2*r + 88 = a - 0*r. List the prime factors of a.
2, 47
Suppose -47*t = -42*t - 670. Suppose f = 2*c + c + t, 4*c = -3*f + 337. List the prime factors of f.
7, 17
Let b be 6/21 + (-412)/(-28). Let r = b + -11. Suppose -r*c = -136 + 8. List the prime factors of c.
2
Let g(q) = -q**3 + 10*q**2 + 4*q - 12. Let v be g(10). Let i be -4 + v - (2 + 0). Let w = 54 - i. List the prime factors of w.
2
Let h(j) = j**2 - 6*j - 27. Let l(z) = z**2 + 12*z - 2. Let r be l(-13). What are the prime factors of h(r)?
2, 7
Suppose -8*i = -4*i - 312. Suppose 34 = 2*u - i. What are the prime factors of u?
2, 7
Let z = 1098 + -161. What are the prime factors of z?
937
Let h = -363 + 1142. List the prime factors of h.
19, 41
Suppose 11*q - 3785 = -980. What are the prime factors of q?
3, 5, 17
Let s = 72 + -19. Suppose -4*j - s = c, 3*c - 45 = -0*j + 5*j. List the prime factors of (9 - j)*(-6)/(-7).
2, 3
Let y = -69 - -74. What are the prime factors of (-496 - y)*(15/9 - 2)?
167
Let h be 6 + (-3 - (-3 + 2)). Let b be (-15)/(-6) + h/(-8). List the prime factors of (34/4 + -3)*b.
11
Suppose -2*n = -3*u + 8, 10*u = -5*n + 5*u + 30. Let q(g) = 46*g + 1. Let r be q(n). Let k = r + -43. List the prime factors of k.
2, 5
Let w(x) = -26*x + 12. Let c be w(-2). List the prime factors of (-8)/c - ((-497)/8 + 2).
2, 3, 5
Suppose 2*o - 2*w - 2238 = 0, -4*o + 2*w + 4470 = w. What are the prime factors of o?
1117
Let s(y) be the third derivative of y**5/30 + y**3/6 + 5*y**2. Let v be s(1). Suppose 2*x = q - 4, v*x + 34 = 4*q - 2. What are the prime factors of q?
2, 3
Let z(a) be the first derivative of a**4/4 - a**3 + 3*a**2/2 - 3*a - 3. Let o be z(3). Let p = 80 - o. What are the prime factors of p?
2, 37
Suppose 2*k - 104 = 822. Let y = k + -260. List the prime factors of y.
7, 29
Suppose -4*h = 11*j - 10*j - 3149, 0 = -2*h + 2*j + 1562. List the prime factors of h.
2, 3, 131
Let s = 13 + -10. Let y be s/1*(-30)/(-18). Suppose t - 6*t + y*a = -80, -4*t - 4*a + 104 = 0. What are the prime factors of t?
3, 7
Suppose -4*l = -927 - 649. Suppose 0 = -7*g + 467 + l. What are the prime factors of g?
3, 41
Suppose -3*m + 2293 = -3266. List the prime factors of m.
17, 109
Let z(l) = -l**3 - 5*l**2 - 4*l - 10. Let m be z(-6). What are the prime factors of -3 + m + 8/(-4)?
3, 5
Suppose 3*l - 2*t - 260 = 0, 4*l + 63 - 383 = -4*t. List the prime factors of l.
2, 3, 7
Let v be -1*41*1 - 2. Let i(d) = d**3 - 2*d**2 - 2*d + 6. Let f be i(5). Let u = v + f. List the prime factors of u.
2, 7
What are the prime factors of (-11)/(44/(-10487)) - 6/8?
2621
Let l(g) = g**3 + 7*g**2 + 6*g + 4. Let s be -2 - -14*(-1)/(-2). Suppose -2*q - 5 - s = 0. What are the prime factors of l(q)?
2, 3
Let g be (-24 - -3)/((-12)/64). Suppose 6*d = 2*d + g. What are the prime factors of d?
2, 7
Suppose 0*t = 2*t - 8. Suppose 16 + t = 5*k. Suppose -3*j = 4*u - 35, -2*u = -k*j - u + 53. List the prime factors of j.
13
Let u be (-25 + -1)/(4/(-14) - 0). List the prime factors of u - 3/1*-1.
2, 47
Let r(k) = k**2 + 6*k + 5. Let a be r(-6). Suppose a*d = 34 + 21. Let n = d - -2. List the prime factors of n.
13
Let s = -25 + 41. Let z(a) = -a**3 + 15*a**2 + 18*a + 21. Let o be z(s). Let j = 122 - o. What are the prime factors of j?
3, 23
Let k = 1354 - 624. List the prime factors of k.
2, 5, 73
List the prime factors of (-10)/(-150)*6 + 31704/15.
2, 7, 151
Let t be -4*(-6)/8 + 2. Suppose -a + t = 2. Suppose a*o = 7*o - 96. List the prime factors of o.
2, 3
Suppose -13*t + 9*t = 0. Let h(b) = -b**2 + b + 10. What are the prime factors of h(t)?
2, 5
Suppose 0*s + 3*s + 27 = 0. List the prime factors of (-9)/(-6)*(-282)/s.
47
Let m(r) = r - 11. Let h(n) = -6*n + 67. Let s(b) = -6*h(b) - 39*m(b). Let p be s(9). Suppose 2*w - w - 40 = p. List the prime factors of w.
2, 5
Let z(k) = -k**3 + 4*k**2 + 6*k. Let g be z(5). Suppose 0 = g*j + 2*f - 2, 2*j + 4*f = -5 - 7. List the prime factors of (j + -5 - -3) + 9.
3
List the prime factors of (-2)/(2 + -1)*328151/(-194).
17, 199
Suppose -7*g + 3*g + 1440 = -4*y, -4*y = -2*g + 712. What are the prime factors of g?
2, 7, 13
Suppose 0 = 5*a - 5*o - 60, -4*a + 5*o + 31 = -20. Suppose 0*y - a*y + 36 = 0. List the prime factors of y.
2
What are the prime factors of (-2593)/(-8) - 6/48?
2, 3
Suppose 0 = -h + 3*s + 252, -5*h + 5*s + 1282 = s. List the prime factors of h.
2, 3, 43
Suppose -4*p = -4*r - 29 - 1571, -p + 5*r = -420. List the prime factors of p.
5, 79
Let l = 5761 + -2953. List the prime factors of l.
2, 3, 13
Let u(q) = -268*q + 3. Let p(h) = 134*h - 2. Let g(v) = -5*p(v) - 3*u(v). List the prime factors of g(1).
3, 5
Suppose -3*u + 4*u = 3. Suppose 0 = 2*o + 3*x + 30, u*o + 0*x = -x - 31. Let d(j) = j**3 + 8*j**2 - 12*j + 5. What are the prime factors of d(o)?
2
Suppose 21816 = 48*u - 23400. What are the prime factors of u?
2, 3, 157
List the prime factors of 1*(-1*12920)/(-8).
5, 17, 19
Suppose 16 = -2*b + 6*b. Suppose i = -5*d + 138, b*d - 86 - 16 = 2*i. List the prime factors of d.
3
Suppose 49 = 4*m - y, -2*y = -7*y - 5. Let h = 12 - m. List the prime factors of h/((-4)/(-1)) - -35.
5, 7
Suppose o + 2*v - 6*v = 6, 4*o - 24 = v. Suppose o*c - c = l - 52, l - 44 = c. List the prime factors of l.
2, 3, 7
Let o be 8/((-9)/((-18)/4)). List the prime factors of 83 + 6*o/(-6).
79
Suppose -8*d - 5*l = -6*d - 3103, l = 3. List the prime factors of d.
2, 193
Let m(a) = a**3 + 7*a**2 - a - 5. Let y be m(-7). Let j(x) = 3*x**2 + 2*x**2 - x**3 + 2*x + 2 - x**y + 2*x. List the prime factors of j(-2).
2, 3
Suppose 0 = -4*o + 2*t - 6, 2 = 5*t - 13. Suppose -46 = -g - o*m + 2*m, g = 5*m + 43. List the prime factors of g.
2, 3
Let l(o) = 15 + 10 - 9 - o. Let k be l(13). List the prime factors of (k - 6)*-3 - -2.
11
Suppose 0 = -x - p + 4*p - 7, x + 5*p - 25 = 0. Suppose 0 = 7*c - x*c - 2. Suppose -2*l + 5*o + 27 = 0, -2*o + 5 = -c. List the prime factors of l.
3, 7
Let r(o) = 0*o - o + 5 + 6. Let g = -76 - -84. List the prime factors of r(g).
3
Suppose 1895 = 7*f - 2*f. What are the prime factors of f?
379
Let j(f) = 174*f - 17. List the prime factors of j(4).
7, 97
Suppose -30*o - 148 = -32*o. Suppose 3*g - 51 = -s + o, -5*s + 581 = 4*g. List the prime factors of s.
113
Let w(c) = 113*c - 3. Let g be w(1). Suppose -4*z + g = 30. Suppose 0 = 5*u - z, 3*v + 0*u - 20 = u. List the prime factors of v.
2
Let y(i) be the second derivative of -7/6*i**3 + 7/2*i**2 - i + 0 + 1/6*i**4. What are the prime factors of y(4)?
11
Let t(a) = a**3 + 10*a**2 - 7*a + 46. Let i be t(-11). Suppose -4*r - f + 229 = -4*f, 0 = i*f - 10. What are the prime factors of r?
61
Let l = 79 + 241. List the prime factors of l.
2, 5
Let p(v) = -37*v**3 - 1. Let b = 46 - 30. Let z = b - 17. List the prime factors of p(z).
2, 3
Let b(a) = 3*a**2 - 6*a - 20. What are the prime factors of b(15)?
5, 113
Let a(p) = 3*p**2 + 8*p + 2. Let h(i) = 8*i**2 + 24*i + 6. Let r(s) = -11*a(s) + 4*h(s). Let k be r(6). What are the prime factors of k*(-2)/(2*-2)?
7
Let m be (-106)/2*(1 + 0). Suppose -6*v + 3277 = 23*v. Let q = v + m. List the prime factors of q.
2, 3, 5
Let k be 1/(-4)*2*-1118. Suppose -5*u = -2*j + 401, -273 - k = -4*j + 4*u. List the prime factors of j.
3, 71
Let y be (6/(-9))/